, 5*h = 10. Is b prime?
False
Let h be -8 - -8 - 0/(-3). Suppose h = -p + 5 - 8. Let r = 226 + p. Is r prime?
True
Suppose 3*a + 1084 = 4063. Is a composite?
True
Let h(n) be the third derivative of -19*n**4/12 - 3*n**3/2 + 5*n**2. Is h(-2) a prime number?
True
Let x = 3625 + -2514. Is x a composite number?
True
Suppose -5*y - 4*j - 44 = -3*j, -32 = 3*y - 5*j. Let b be (-318)/(-27) - 2 - (-2)/9. Is (y/(-2) + 1)*b composite?
True
Suppose -3*q + 3 = -2*q. Suppose 2*r - 6*f + 5*f - 3348 = 0, 2*r - 3340 = -q*f. Is r prime?
False
Suppose -3*r - 6 = 0, -r + 2*r - 2831 = -z. Is z prime?
True
Let u(v) = 385*v - 128. Is u(7) prime?
False
Suppose 0 = 244*w - 249*w, 30908 = 4*y + w. Is y prime?
True
Let l(o) = 89*o**2 + 2*o - 7. Let s be l(-4). Suppose -s = -3*j - 440. Is j composite?
True
Let s(u) be the third derivative of -7*u**6/24 - u**5/10 - 3*u**4/8 - u**3/6 - 10*u**2. Is s(-4) prime?
True
Let c = -9643 + 18188. Is c composite?
True
Suppose 0 = 3*u - 0 - 9. Suppose y = -a + 57, -u*a = -y - y - 176. Is a prime?
False
Suppose -19 = -3*z + 4*q, -z - q = -3*q - 7. Suppose -3*k + 5*x + 3188 = 0, z*k + 0*k - 2*x - 5307 = 0. Is k composite?
False
Let q be (3 + -1)*(-24)/(-16). Suppose -4*f = l + 11, l = 3*l - q*f. Let s = 16 + l. Is s a prime number?
True
Is (-4)/(-26) + ((-8924220)/(-52))/9 composite?
False
Suppose 2*v - 10 = 2*c, 3*v + c - 24 = -1. Let t = v - 5. Is (t - 1) + (1 - -251) prime?
False
Suppose o + 2019 = 4*k + 10548, 0 = o + 5*k - 8502. Let i = -5158 + o. Is i composite?
False
Suppose -2*d - 5*y + 1 + 7 = 0, 5*y - 6 = -4*d. Is 2/(1816/1814 + d) a prime number?
False
Suppose 4 = q + 1. Suppose 4*w - 11 - 1 = 0. Suppose -2*d + 627 = w*d - 4*a, -q*d + 5*a + 371 = 0. Is d composite?
False
Let y(b) = 30*b**2 + 3*b - 10. Let v be (-12)/(-16)*84/9. Is y(v) prime?
True
Suppose -8 = -2*f, -4*a = a - 3*f - 13. Let z(w) = 4*w + a*w - w + w - 7. Is z(6) a composite number?
False
Let n(b) = 5*b**3 + b**2 - 2*b + 1. Let q be n(1). Suppose 0 = q*g - 454 - 361. Is g a composite number?
False
Let w(f) = -f**3 + 4*f**2 - f + 6. Let y be w(4). Let o(q) = 105*q**3 - 3*q**2 + 3*q - 5. Is o(y) prime?
True
Suppose 0 = -5*n - 5, -6*n + 41 = 5*g - 2*n. Suppose r - 5*r - 57 = -3*b, b = -2*r + g. Is ((-5)/b)/((-2)/654) composite?
False
Let h(m) = 2*m**2 + m + 1. Let l(z) = z**2 + 11*z + 5. Let t be l(-11). Let w be (-33)/t - (-27)/45. Is h(w) composite?
False
Let f(m) = 5*m**2 - 10*m - 2*m**2 + 2*m**2 + 2*m**2 + 9. Let p be f(6). Suppose 0*n = 3*n - p. Is n composite?
False
Let h be 8/12*3 + 0. Suppose 0*a + 1770 = h*a + 4*r, 2*r = 3*a - 2695. Is a a prime number?
False
Let j(n) = -2*n**3 + n**2 - n - 2. Let c be j(-1). Is (c/(-6))/((-9)/59967) composite?
False
Let o(h) = 4*h**2 + 13*h + 6. Let w(z) = z**3 - 15*z**2 - z + 13. Let x be w(15). Let s be (11/(-2))/((-1)/x). Is o(s) prime?
True
Suppose 0 = 69*l - 75*l + 185178. Is l a prime number?
False
Let r(l) be the second derivative of l**3/6 + 127*l**2/2 - 9*l. Suppose -5*k + 2*n - 3 - 3 = 0, 3 = n. Is r(k) a composite number?
False
Suppose 5*l = -3*d + 4169 - 673, 2819 = 4*l - 5*d. Is l prime?
True
Suppose -f - 4*c - 15 = 0, -2*f - 4*c = -4*f + 30. Suppose -f*j + 2747 = 2*u, 3*j - 3*u = -j + 2216. Is j composite?
True
Suppose 0 = 2*y + t - 1483 - 6637, 2*t + 4065 = y. Is y a prime number?
False
Is 72/9 + (17122 - 4) a composite number?
True
Is 5 + (5726 - -3) - -3 a composite number?
False
Let y = 18 - 19. Is y*(-4 + -9*23) a composite number?
False
Let d(u) be the second derivative of 4*u**3/3 - 11*u**2/2 - 9*u. Let n be d(-8). Is 10/n - (-754)/30 a composite number?
True
Let y(k) = 98 - 99 - 44 + k**2 + 5*k. Is y(-13) a composite number?
False
Let d(f) = -f**2 + 10*f + 3. Let x be d(11). Let k(q) = q**3 + 13*q**2 + 2*q + 3. Is k(x) a composite number?
False
Let j(p) be the first derivative of p**3/3 - 4*p**2 + 2*p + 2. Let m be j(8). Suppose 4*d = 2*v - 130, -d - 115 = -m*v - 2*d. Is v prime?
True
Let r = 104 + -55. Is r prime?
False
Is (-54)/36*124744/(-12) composite?
True
Is 2*(-18245)/30*-3 composite?
True
Suppose -2*t = -5*j + 9, -6*t + t - 4*j = -27. Suppose -t*u + 15 = 0, -6*u + 319 = 2*d - 5*u. Is d a composite number?
False
Suppose -4*s = 4*d - 1372, -4*d + 654 + 716 = 3*s. Suppose g = -u - 48 + 118, 2*g - d = -5*u. Is u a prime number?
True
Let v be -58 - (0 + -2 - 0). Let w = v - -114. Is w composite?
True
Let x(o) = o**2 - 4*o + 39. Is x(-16) a composite number?
False
Suppose -2*m - 76 = 3*p, 4*m + 3*p + 0*p = -146. Let i = m - -64. Let l = i - -20. Is l a composite number?
True
Suppose -18*f + 175100 + 60214 = 0. Is f prime?
False
Let p(t) = 86*t**2 + 36*t - 9. Is p(4) composite?
False
Suppose -n = 11*n - 10644. Is n prime?
True
Suppose 0 = 2*a - 4 - 6. Suppose 5*m = 5286 - 1521. Suppose 2*b = a*b - m. Is b a prime number?
True
Let l(d) = 9*d**2 + 9*d + 21. Is l(16) composite?
True
Let l = -74 + 78. Suppose 5*p - n + 154 = 3573, l*n = -p + 667. Is p a composite number?
False
Let n = 72 - 76. Let u(a) = -23*a**3 - 4*a**2 + a - 11. Is u(n) prime?
False
Let f(o) = 8*o - 8. Suppose 0 = -2*s - s - 3*l - 15, 5*s = l - 25. Let r(u) = u. Let a(d) = s*r(d) + f(d). Is a(13) a composite number?
False
Let z = -453 - -11366. Is z composite?
True
Suppose 74*o - 67*o = -32592. Let r = -2855 - o. Is r a composite number?
False
Let d be (2 - (-383)/11) + (-20)/(-110). Let y = 126 - d. Is y composite?
False
Suppose 374 = -3*r - 2143. Is r/(3 - (3 - -1)) prime?
True
Suppose k = 4, -6*k - 12 = -p - 2*k. Let r be 16/6 + (-1)/(-3). Let n = r + p. Is n a composite number?
False
Let w(v) = -50*v. Let g be w(-5). Let n be (7 + -8)*g/(-2). Suppose -154 = -3*x + n. Is x a prime number?
False
Let j = -7444 + 14247. Is j a prime number?
True
Let c = 28 - 25. Suppose 0 = -5*u + 2*v + v + 602, -v - 362 = -c*u. Is u a composite number?
True
Suppose -2308*v = -2322*v + 31486. Is v prime?
False
Suppose 5*q = 4*o - 6548, -29*o + 3288 = -27*o + q. Is o a composite number?
True
Is (1030865/330)/(2/12) prime?
True
Suppose 6*t = -4*g + 3*t - 1141, 5*t + 15 = 0. Let r = 166 - g. Is r prime?
True
Suppose -8 = -w + 3*w. Is (-12)/(-4) + 66 + w prime?
False
Let x(q) = 113*q + 104. Is x(7) a composite number?
True
Let c(q) = -4*q - 11. Let s be c(-4). Suppose -b - 6 = s*b. Is 1 + 72 - b*4 composite?
True
Suppose -2*w = -17 - 53. Suppose r + 5 = b + b, 5*r - w = -2*b. Suppose x + 2 = -1, 0 = 3*o - r*x - 369. Is o a composite number?
True
Suppose 0*t - 4*t = -9460. Let w = t - 1230. Is w a composite number?
True
Let n be (2 + -1)*(3523 - 2). Suppose 2*r - 9*r + n = 0. Is r prime?
True
Let d(p) = -p**2 + 38. Let m(w) = -w**2 + 13*w - 12. Let y be m(12). Is d(y) composite?
True
Suppose 0 = -4*u - 4*p + 88224, -3*p - 20 = -7*p. Is u a prime number?
True
Suppose -4*w = -3*o - 9655, -w = -4*o - 0*o - 2404. Let j = w - 1045. Is j a composite number?
True
Suppose 4*w = -5*f + 34994, 5*f - 34989 = -5*w + 6*w. Is f a prime number?
False
Let o(x) = -22*x**3 - 2*x**2 - 2*x + 7. Suppose -7*g = -5*g - 6. Let a(b) = b - 6. Let u be a(g). Is o(u) a prime number?
False
Let c(h) = 3*h**2 + 3*h - 2. Let k be c(2). Suppose -50 = k*n - 18*n. Suppose 201 = 2*s - n. Is s prime?
True
Let h(r) = 32*r**3 + 3*r**2 + 2*r - 9. Let g be h(-4). Let j = 45 - g. Is j composite?
True
Let i = 60741 - 36490. Is i a prime number?
True
Let i = 5114 + -2396. Let u = i - 1735. Is u a composite number?
False
Let o be 8/2 + -2 - 0. Let n(m) = -4*m**3 - m - 2. Let u be n(o). Let x = 95 + u. Is x a composite number?
False
Let r(t) = -t**3 - 19*t**2 - 20*t - 2. Let m be r(-18). Is (-5)/40*m*-172 a composite number?
True
Let y be (0/(-2) - -13)*1. Let h(n) = 5*n + 2*n - n + n**2 + y*n**2 + 1. Is h(5) composite?
True
Let u = 22 + -18. Is 8*(-2)/u + 911 composite?
False
Let u = 78 - 42. Let s(f) = -9*f**3 + f**2 + f - 2. Let p be s(1). Is -194*(u/8)/p a prime number?
True
Let i = -343 + 3. Let q = i - -578. Let l = q - 69. Is l a prime number?
False
Suppose -4*u + 24393 = -2*m + 75879, 12 = 4*m. Is u/(-77) - 2/14 a composite number?
False
Is 76255/35 - (-3)/(21/2) a prime number?
True
Suppose 0 = 2*z + 2*u - 25068, -8*z - 2*u + 75224 = -2*z. Is z a prime number?
True
Let j be (-1)/(1/59*-1). Suppose 4*f - 2*i + 56 = 0, -4*f - j = f + 3*i. Let g(r) = -2*r - 7. Is g(f) prime?
True
Suppose